 -257 + 259
5
What is 3 - ((-2 - (-3 + 6)) + 9)?
-1
What is (4 - ((8 - 1) + -16)) + -9 - -7?
11
What is the value of 10 + -14 + 7 + (-11 - (-1 + -1))?
-6
Calculate (16 - 13) + -2 + -6 - (4 - 22).
13
Evaluate -4 + -18 + 17 + -2 + 1.
-6
What is 8 + (-8 - (47 - 27))?
-20
Evaluate 17 - 3 - (-1 - 0 - (-35 + 29)).
9
Calculate -52 + 20 + 15 - (5 - -4).
-26
4 - ((-24 - -17) + 20 + -15)
6
Evaluate -1 + 22 - (-143 + 163).
1
Evaluate (42 - 47) + -2 + 0 - 3.
-10
40 + -28 + -23 + -2
-13
-6 - -1 - ((16 - 21) + 4)
-4
(9 + -13 - (-28 + 7)) + 6 + -3
20
Evaluate 4 + (-20 - 1) - ((-3 - 1) + -1).
-12
(0 - (3 - 2)) + 10 - (-15 + 11)
13
Evaluate (-10 - (18 - 27 - 0)) + -2.
-3
Calculate -14 + (0 - 16) + (100 - 94).
-24
Evaluate 4 + -7 - (-21 - -24).
-6
What is 27 - (7 - 1) - 45?
-24
-3 + -1 + -8 + 0 + 11 + -14
-15
Calculate 1 + (-77 + 34 - -23).
-19
What is 8 + (9 - -3) + -11?
9
What is 2 + -152 + 155 + (-2 - -4) + -10?
-3
What is -25 + (-23 + -3 + 17 - (2 - 2))?
-34
What is (26 - 30) + 1 + -6 + 3?
-6
Evaluate -11 + (-6 - -15) + (15 - 1).
12
Evaluate (-4 - 0) + 1 - (-101 + 112).
-14
What is the value of (2 - -3 - 3 - (-1 + 2)) + 10?
11
Evaluate -16 - (0 - (5 + 2 - 1)).
-10
What is the value of -13 - (-1 + -14 - -6)?
-4
What is the value of (25 - 3 - 13) + -1?
8
Calculate (0 - 0) + (-1 + -16 - (-86 + 46)).
23
144 + -145 - (0 + 20)
-21
-7 + (-3 - 0 - -5)
-5
Calculate -18 + 21 + 1 + 14 - 12.
6
2 + (-15 - (-1 - 6) - 6)
-12
-47 + 27 + (35 - 44)
-29
Evaluate (8 - (6 - -6)) + -11 + 10.
-5
What is (-10 + 8 - 18) + -4 + 0 + 8?
-16
Calculate -8 - -2 - 3 - (4 + 2 + -4).
-11
What is the value of 2 - (0 + -9 + (6 - (9 - 4)))?
10
Evaluate 192 + -169 + (0 - 14).
9
What is the value of (26 + -37 - (0 + -1)) + 6?
-4
(-20 - -47 - 60) + 11
-22
29 - (1 + (-2 - -10) - (-109 - -112))
23
What is the value of 2 + (-3 - -4) - 7 - (82 - 86)?
0
0 + (-9 - -17) + -2 + -7
-1
(-35 - (-56 + 32)) + -13 + -1
-25
Calculate 8 + (0 - 7) - (-3 - -25).
-21
Evaluate (29 - 1) + (-26 - 2).
0
-10 + (-17 - (-10 + -5) - (-35 + -1))
24
What is 1 - -7 - (4 + (-1 - (3 - 1)))?
7
Calculate -3 + 2 - 5 - 1 - -7.
0
What is (-20 - -2) + (19 - 23)?
-22
(1 - 1 - (-71 - -73) - 5) + -28
-35
Evaluate -2118 + 2121 + (-10 + 1 - -1).
-5
What is the value of 0 - ((-13 - -1) + 2 - (-7 - -9))?
12
Evaluate -9 + (-14 - -8 - -17 - -9).
11
What is the value of (20 - (10 - 0)) + (0 - -1)?
11
Evaluate (-149 - -147) + (-4 + 29 - 0).
23
What is the value of 15 + -12 + 43 + -23?
23
What is the value of -1 + 25 + 0 + 0 - (-197 + 204)?
17
What is the value of -13 - (42 - 21 - 31)?
-3
What is 8 - (4 + 6 - 8) - -3?
9
-2 + -29 - (-9 + -7 + 4)
-19
What is 13 - ((1 - 1) + (18 - 17))?
12
Evaluate (-12 - (-13 + 6 + 7)) + 30.
18
What is 25 - (-1 + (29 - 13))?
10
What is 7 - 2 - (-11 + 5 + 6)?
5
What is -31 + 10 + 10 + -8?
-19
Calculate 21 - (-18 - (21 - 64)).
-4
Calculate (2 - 2) + (0 + 2 + 2 - 17).
-13
Calculate (-310 - -308) + 2 + -2 + 7 + -2.
3
Calculate -6 + (1 - (3 + -1)) - -7.
0
-1 - -28 - (-60 + (2 - -66))
19
What is -18 + 3 + -3 + 3 + 7 - -23?
15
Calculate -1 + -10 - (-31 + -21 + 33) - 27.
-19
What is the value of -8 + -8 + 26 + (2 - 1 - -4)?
15
What is the value of 5 - (43 + -78 - -57)?
-17
What is the value of -13 + (2 - -1) + -5 + (3 - -3)?
-9
Calculate -2 - ((-2 - 4) + (-3 + 5 - -10)).
-8
What is -9 + (36 - 5) - 10?
12
Evaluate 7 + -11 + -6 + 14.
4
What is -37 - -52 - (2 + 24)?
-11
Calculate 55 - (41 + -2) - (-2 + 4).
14
Evaluate 0 - -12 - (24 + 2).
-14
What is 9 - 3 - (-2 - (-2 + 2 + 2))?
10
(15 - -1) + -6 + -1 - 4
5
-1 - -6 - (-23 - -37)
-9
What is the value of -10 + 3 + -8 - 6 - 10?
-31
-18 + 10 + -9 + 36
19
Evaluate -9 + 7 + (-1 - 0) - 0.
-3
What is the value of 13 + -16 - 1 - 2?
-6
Evaluate 6 - (22 + -44 - -24).
4
What is the value of (-34 - (5 + -1 + -2)) + -38 + 42?
-32
Calculate -20 + -2 - (7 - (25 - 18)).
-22
What is the value of -8 - (-17 - -16 - 19 - 1)?
13
2 + (1 - -7) + (-11 - (18 + -24))
5
Calculate 65 + -11 + -46 - (0 + -17).
25
Calculate -16 + (18 - 3) + -13 + 29.
15
What is the value of 12 + (1 - -16) - (7 - (4 - -2))?
28
Calculate -13 + (27 - 19) + 16.
11
What is the value of (-18 - -23) + -3 + 3 + -11?
-6
Calculate (-51 - -87) + -32 + (-5 - 1).
-2
Evaluate 1 + -7 + -5 + -5 + 10 + -3.
-9
Evaluate -7 + 0 + (5 - (5 - 0 - 3)).
-4
1 + 4 + (7 - (1 - -4 - 1))
8
Evaluate 34 - (24 + -22 + 19).
13
What is the value of 0 + 3 + -2 + (-9 - (-16 - -7))?
1
What is the value of 7 + -4 + -10 + -3 + 2 - 3?
-11
Calculate 8 - (-19 + 0) - 42.
-15
What is the value of 11 + (2 - -26) - 21?
18
Evaluate -10 + (2 - -2) + -4.
-10
Calculate (-1 - 0 - -15) + 3470 + -3482.
2
-1 + (28 - 16) + -3
8
Calculate (-16 + 18 - -1) + 5 + 2.
10
What is the value of -33 + (-1 - (5 - 17))?
-22
What is 17 + -20 + -5 - (-1 + (30 - 6))?
-31
What is 28 + -22 - (4 + 1 - (-4 - -2))?
-1
Calculate 12 + -14 - (30 - (0 - -2)) - -11.
-19
What is the value of 1 - -8 - ((-4 - (2 - 8)) + -3)?
10
Calculate (4 - (3 + 5 + -7 + -8)) + 2.
13
Calculate (31 - 13 - 5) + 7 + -2.
18
What is 4 + 0 + -35 + 19 + 0 + 0?
-12
(5 - 6) + 5 + 3 + -10 + 29
26
0 + -28 - (-161 + 148)
-15
What is the value of -5 - ((0 - -6) + -1 - (20 - 0))?
10
What is (-7 + 3 - -9 - (-5 - -11)) + -15?
-16
Calculate 739 + -742 - (-4 + -1 - (0 + 0)).
2
(-17 - 1 - (-252 + 241)) + 11
4
What is the value of (-93 - -111) + (-7 - (4 - (3 - -1)))?
11
What is -2 + (2 - -1) + -8 - (-3 + 10)?
-14
What is the value of 197 + -218 + -1 + 24?
2
Evaluate (-3 - (2 - 5)) + 8 - (3 - 15).
20
3 + -9 + 1 + (0 - (-3 - -1))
-3
Evaluate 22 - (25 + (6 - 28)).
19
What is (1 - -11) + 0 + -9 + (-3 - 33)?
-33
What is -8 - -3 - (-1 + 5 - (5 + 15))?
11
What is the value of 40 - (8 + (-5 - (-4 - (10 + -8))))?
31
What is the value of 162 + -160 + (16 - 1)?
17
Calculate -6 - -5 - ((6 - 8) + 10 - 13).
4
Evaluate (1 - (1 - 3) - 1) + -44 + 37.
-5
Evaluate -6 + 3 + (-4 - 6) + 2 - -4.
-7
What is (-1 - (-5 + -1 + 12)) + (60 - 63)?
-10
Evaluate 10 + -22 - (4 + (-1 - 15)).
0
What is the value of (2 - -2) + (1 - -9 - (-120 + 124))?
10
What is the value of -3 + -5 + -10 + -4?
-22
45 - (9 + -9 + 11 - (-1 - -3))
36
What is the value of (27 - -2) + -18 + 1 + 8?
20
What is -4 + -14 + 39 - 27?
-6
Evaluate (-28 + 29 - 13) + -5.
-17
Evaluate -12 + 23 + -11 + 10 - 13.
-3
What is -11 - -14 - 43 - -22?
-18
What is the value of 10 + (10 + -19 - 14 - -6)?
-7
(-1 - 2) + (-5 - -18) + -11 + -1
-2
What is the value of -78 + 68 + (-2 - -15) + 2 + 1?
6
What is the value of 0 + 3 - (9 - 3) - -21?
18
Calculate 8 + 12 + (2 - 22) - (-1 - 1).
2
(-2 - 0) + (-13 - (-13 + 8) - 3)
-13
2 - (-2 + (17 - 6 - -11))
-18
Calculate 7 + -12 - (-9 - 10).
14
What is (-9 + 16 - 8 - 2) + (0 - 3)?
-6
Calculate -18 - (2 - 35) - -15.
30
-6 - (3 - 12 - -4 - 3)
2
What is 5 - ((-5 - (-2 + 2)) + (61 - 46))?
-5
Evaluate (-53 - -63) + -18 + -2 - -24.
14
-1 + (39 - 10) + -6 + (4 - 14)
12
What is 2 - (0 - 1 - (6 - 8 - 14))?
-13
What is the value of -2 + -3 + 16 + -25 + 15?
1
(10 + -19 - -14) + 9 - 4
10
What is the value of (-3 - 1) + 12 - 15?
-7
Evaluate 5 + -14 + (-9 + 13 - -5).
0
What is (0 - 3) + (88 - 87)?
-2
What is the value of 159 - 182 - (-15 + 1)?
-9
Evaluate -3 + (0 - 10) + (30 - 22).
-5
What is the value of 4 + 7 + (-43 - -51) + -4 + -5?
10
-1 + 6 + -10 + 11 + -1 + -3
2
Calculate 0 - -17 - (15 - (10 - (4 - 12))).
20
(-8 + 46 - 29) + (-1 - 14)
-6
1 - 2 - -6 - (19 - (13 - -13))
12
Calculate -30 + -9 - (-11 + -8).
-20
Calculate -3 - (-11 + 2 + 14 + -1 + -3).
-4
What is the value of -35 - (31 - 123) - 34?
23
What is the value of -41 - -41 - (14 + 8 + -5)?
-17
5 + (-3 - (18 - 8))
-8
-1 + (12 - (19 + 8))
-16
What is 10 + (5 - 4 - 17)?
-6
Evaluate -2 + -20 + 45 - 1.
22
Evaluate 2 + (1 - 3) + -61 + 65.
4
What is 125 + -138 - ((-1 - 14) + 3)?
-1
Calculate -13 - (-9 + 39 + -41 + 0 + 4).
-6
-115 - -96 - (0 - 29)
10
Calculate 18 + (-4 + (3 - 4) - (-21 + 14)).
20
Evaluate 1 - (-3 + -2) - ((9 - 2) + 4).
-5
What is the value of 1 - 16 - ((-11 - -3) + 11 + -5)?
-13
8 - (12 + -17) - (20 + 1)
-8
15 + (-6 - 28) + 16
-3
What is the value of 29 + -55 + -10 - (-2 + -14)?
-20
Evaluate -2 + 6 + 8 + -13 + 22.
21
What is the value of -355 + 336 - (-19 - -1)?
-1
Evaluate -8 - (-3 + 1 - 9) - 1.
2
Evaluate (3 + 0 - (-26 + 30)) + 5.
4
Evaluate -6163 + 6194 + -2 + -6 + -1 + -1.
21
What is the value of -73 + 95 + (-1 - 7)